en thousands digit of 11985?
1
What is the tens digit of 7099?
9
What is the hundreds digit of 46985?
9
What is the thousands digit of 33470?
3
What is the thousands digit of 1320?
1
What is the thousands digit of 110262?
0
What is the units digit of 973?
3
What is the units digit of 1973?
3
What is the units digit of 872?
2
What is the thousands digit of 1023?
1
What is the tens digit of 102548?
4
What is the ten thousands digit of 21118?
2
What is the thousands digit of 58498?
8
What is the tens digit of 6399?
9
What is the units digit of 5171?
1
What is the thousands digit of 4905?
4
What is the hundreds digit of 310?
3
What is the thousands digit of 101167?
1
What is the hundreds digit of 998?
9
What is the thousands digit of 15791?
5
What is the tens digit of 5476?
7
What is the units digit of 8529?
9
What is the tens digit of 40790?
9
What is the tens digit of 45953?
5
What is the hundreds digit of 4094?
0
What is the hundreds digit of 35371?
3
What is the hundreds digit of 1682?
6
What is the hundreds digit of 139411?
4
What is the thousands digit of 3540?
3
What is the units digit of 4451?
1
What is the units digit of 211?
1
What is the tens digit of 193061?
6
What is the tens digit of 1328?
2
What is the units digit of 2787?
7
What is the tens digit of 31947?
4
What is the tens digit of 63880?
8
What is the hundreds digit of 3497?
4
What is the hundreds digit of 7717?
7
What is the units digit of 972?
2
What is the tens digit of 41392?
9
What is the thousands digit of 1595?
1
What is the units digit of 106221?
1
What is the units digit of 353?
3
What is the hundreds digit of 832?
8
What is the tens digit of 4245?
4
What is the hundreds digit of 73155?
1
What is the thousands digit of 49334?
9
What is the tens digit of 2290?
9
What is the hundreds digit of 53659?
6
What is the hundreds digit of 1374?
3
What is the units digit of 24017?
7
What is the hundreds digit of 41945?
9
What is the hundreds digit of 490?
4
What is the thousands digit of 28818?
8
What is the units digit of 71799?
9
What is the tens digit of 251?
5
What is the thousands digit of 4915?
4
What is the units digit of 13?
3
What is the units digit of 10458?
8
What is the ten thousands digit of 12151?
1
What is the ten thousands digit of 31609?
3
What is the hundreds digit of 3912?
9
What is the units digit of 120?
0
What is the thousands digit of 2044?
2
What is the units digit of 1361?
1
What is the ten thousands digit of 15830?
1
What is the ten thousands digit of 61246?
6
What is the ten thousands digit of 41990?
4
What is the hundreds digit of 462?
4
What is the thousands digit of 4474?
4
What is the hundreds digit of 1412?
4
What is the thousands digit of 12450?
2
What is the thousands digit of 17085?
7
What is the tens digit of 10979?
7
What is the thousands digit of 1525?
1
What is the units digit of 7251?
1
What is the tens digit of 2106?
0
What is the hundreds digit of 973?
9
What is the thousands digit of 5032?
5
What is the thousands digit of 6685?
6
What is the tens digit of 97831?
3
What is the units digit of 3244?
4
What is the thousands digit of 1568?
1
What is the thousands digit of 19720?
9
What is the hundreds digit of 895?
8
What is the tens digit of 9628?
2
What is the units digit of 5015?
5
What is the tens digit of 22?
2
What is the hundreds digit of 1365?
3
What is the hundreds digit of 393?
3
What is the hundreds digit of 4100?
1
What is the thousands digit of 3125?
3
What is the units digit of 507?
7
What is the units digit of 1718?
8
What is the thousands digit of 7297?
7
What is the units digit of 1269?
9
What is the hundreds digit of 523?
5
What is the units digit of 14725?
5
What is the hundreds digit of 797?
7
What is the units digit of 76966?
6
What is the ten thousands digit of 24899?
2
What is the units digit of 6725?
5
What is the hundreds digit of 10883?
8
What is the units digit of 8157?
7
What is the units digit of 1477?
7
What is the units digit of 105049?
9
What is the thousands digit of 7642?
7
What is the tens digit of 3374?
7
What is the tens digit of 619?
1
What is the units digit of 270?
0
What is the units digit of 598?
8
What is the hundreds digit of 9659?
6
What is the thousands digit of 21577?
1
What is the thousands digit of 70599?
0
What is the units digit of 1717?
7
What is the thousands digit of 11039?
1
What is the thousands digit of 14745?
4
What is the tens digit of 950?
5
What is the hundreds digit of 20369?
3
What is the thousands digit of 6366?
6
What is the tens digit of 418?
1
What is the hundreds digit of 529?
5
What is the units digit of 887?
7
What is the hundreds digit of 1678?
6
What is the thousands digit of 72082?
2
What is the thousands digit of 121888?
1
What is the units digit of 76797?
7
What is the ten thousands digit of 39245?
3
What is the units digit of 35972?
2
What is the units digit of 5270?
0
What is the units digit of 2875?
5
What is the hundreds digit of 153636?
6
What is the thousands digit of 21203?
1
What is the hundreds digit of 2483?
4
What is the units digit of 22845?
5
What is the tens digit of 8739?
3
What is the hundreds digit of 3806?
8
What is the thousands digit of 2263?
2
What is the ten thousands digit of 17874?
1
What is the hundreds digit of 6720?
7
What is the thousands digit of 7945?
7
What is the units digit of 1641?
1
What is the tens digit of 32227?
2
What is the hundreds digit of 375?
3
What is the tens digit of 6378?
7
What is the tens digit of 2730?
3
What is the tens digit of 8979?
7
What is the units digit of 1985?
5
What is the hundreds digit of 951?
9
What is the units digit of 1913?
3
What is the tens digit of 26000?
0
What is the tens digit of 15794?
9
What is the units digit of 861?
1
What is the tens digit of 12192?
9
What is the thousands digit of 132810?
2
What is the tens digit of 5402?
0
What is the tens digit of 14606?
0
What is the units digit of 718?
8
What is the thousands digit of 12136?
2
What is the units digit of 1635?
5
What is the hundreds digit of 3046?
0
What is the ten thousands digit of 14084?
1
What is the thousands digit of 1720?
1
What is the hundred thousands digit of 115171?
1
What is the hundreds digit of 316?
3
What is the hundreds digit of 456?
4
What is the units digit of 40607?
7
What is the tens digit of 387?
8
What is the hundreds digit of 4530?
5
What is the hundreds digit of 73183?
1
What is the hundred thousands digit of 148323?
1
What is the tens digit of 132901?
0
What is the hundreds digit of 31909?
9
What is the hundreds digit of 12286?
2
What is the hundreds digit of 2047?
0
What is the ten thousands digit of 12012?
1
What is the hundreds digit of 691?
6
What is the tens digit of 557?
5
What is the units digit of 730?
0
What is the ten thousands digit of 28876?
2
What is the tens digit of 384?
8
What is the units digit of 1923?
3
What is the units digit of 1661?
1
What is the units digit of 27428?
8
What is the units digit of 36954?
4
What is the thousands digit of 32120?
2
What is the units digit of 1234?
4
What is the hundreds digit of 1350?
3
What is the tens digit of 116939?
3
What is the tens digit of 2099?
9
What is the units digit of 4142?
2
What is the thousands digit of 4848?
4
What is the tens digit of 10043?
4
What is the hundreds digit of 15478?
4
What is the tens digit of 61271?
7
What is the thousands digit of 1415?
1
What is the units digit of 12496?
6
What is the hundreds digit of 40488?
4
What is the units digit of 27657?
7
What is the hundreds digit of 96647?
6
What is the thousands digit of 3608?
3
What is the tens digit of 2227?
2
What is the tens digit of 759?
5
What is the ten thousands digit of 16293?
1
What is the hundreds digit of 2189?
1
What is the ten thousands digit of 22693?
2
What is the tens digit of 3995?
9
What is the thousands digit of 66060?
6
What is the ten thousands digit of 35569?
3
What is the hundreds digit of 39050?
0
What is the units digit of 3089?
9
What is the thousands digit of 2392?
2
What is the thousands digit of 2481?
2
What is the thousands digit of 10902?
0
What is the hundreds digit of 22865?
8
What is the thousands digit of 2269?
2
What is the thousands digit of 38293?
8
What is the thousands digit of 51113?
1
What is the tens digit of 1337?
3
What is the tens d